1
Let l(p) = 169*p - 4. Let r be l(1). Let u = r + -136. Calculate the remainder when 173 is divided by u.
28
Let v(x) = 8*x**2 - 136*x - 636. What is the remainder when 315 is divided by v(-5)?
71
Let j(u) = 47*u**2 + 4*u + 5. Suppose -79*p + 73*p = 12. Calculate the remainder when j(p) is divided by 27.
23
Suppose 5*s - 672 = 3*c, -3*c - 5*s + s = 699. Let z = c + 250. What is the remainder when z is divided by 17?
4
Let x be (-4 - 603/(-45)) + 2/(-5). Suppose -7 = -3*q + 2. What is the remainder when q + 40/(-12) + 66/x is divided by 7?
0
Suppose -58*w + 50867 + 33659 + 15234 = 0. What is the remainder when w is divided by 101?
3
Let u(f) be the first derivative of -83/2*f**2 + 0*f - 9. Calculate the remainder when u(-1) is divided by 24.
11
Suppose -5*l + 8 = -12, -4*a - 3*l = 1268. Let n = -287 - a. What is the remainder when n is divided by (-4)/5*(-15)/2?
3
Suppose 1 = -2*r - 5*l, l + 14 = 13. Suppose r*w - 60 = -2*w + 3*c, 0 = 3*c + 12. Let g = 58 - 0. What is the remainder when g is divided by w?
10
Let h = -128 - -208. Suppose -8 = -2*v, 0 = -2*f + 2*v - 2938 + 3238. What is the remainder when f is divided by h?
74
Suppose 2*b - 1 = 5. Suppose 0*y + y = b*x + 17, 4*y - 3*x = 41. What is the remainder when -46 + 30 + 4 - 50*(-2)/4 is divided by y?
5
What is the remainder when 9199 is divided by 36800/200*(1/(-3))/((-7)/21)?
183
Suppose 120*d - 121*d - 1842 = -5*k, -10 = 5*d. Calculate the remainder when 2224 is divided by k.
16
Let v(y) = -6*y**2 - y + 1. Let k be v(1). Let h(t) = -36 - 32 + 6*t + 71 + 2*t**2. Calculate the remainder when h(k) is divided by 10.
9
Let t be (234/(-12))/13 + 9/2. What is the remainder when ((-5)/15)/(3/(-711)) is divided by 122/6 - ((-23)/t + 8)?
19
Let v(n) = 6*n**3 - n**2 - 7*n + 18. Let k be v(-4). Let d = k - -367. What is the remainder when 127 is divided by d?
10
Let t(x) = 2*x**3 - 23*x**2 - 8*x - 16. Let i = 48 - -72. Calculate the remainder when i is divided by t(12).
24
Suppose 4*a - 385 = -a - 5*j, 0 = 2*j + 4. Let l(g) = -2*g**3 + 5*g**2 - 2*g - 21. Let d be l(4). Let n = d + a. What is the remainder when 17 is divided by n?
1
Let i = -79 - -96. What is the remainder when (-3)/(-3)*434/(-70)*-15 is divided by i?
8
Let c(k) = -3*k**2 - 57*k - 176. What is the remainder when 221 is divided by c(-12)?
69
What is the remainder when 239 + (-288)/(11 - -7) is divided by 208?
15
Suppose -62*v - 1265 = -85*v. What is the remainder when 209 is divided by v?
44
Calculate the remainder when 506 is divided by (270/(-50))/((-2)/(-5))*-2.
20
Let t = 108 + -118. Let y(h) = -h**2 - 14*h. Suppose -82 = -2*v + 156. What is the remainder when v is divided by y(t)?
39
Let u(m) = -1880*m - 7458. Let w = 49 - 34. Calculate the remainder when u(-4) is divided by w.
2
Let q be -5 - (-102)/18 - (-14)/6. Suppose -10 = -4*d + q*d - 3*z, 4*d + 2*z - 70 = 0. Suppose -4*b + 99 = -25. Calculate the remainder when b is divided by d.
12
Let i = 3278 + -2221. Calculate the remainder when i is divided by 213.
205
Let m(z) = -z**3 + 12*z**2 + 15*z + 24. Let a = -25 - -25. Let b = a + 17. Calculate the remainder when m(13) is divided by b.
16
Let o(q) = q**2 - 21*q - 5 - 17*q + 31*q. Let n be o(6). Let l(m) = m**3 + 11*m**2 - 8*m + 19. Calculate the remainder when l(n) is divided by 30.
17
What is the remainder when (-1149)/(-4)*23/((-1311)/(-76)) is divided by 62?
11
Let a(b) = b**2 + 69*b + 62. What is the remainder when a(23) is divided by 219?
207
Let u = 16561 + -14287. What is the remainder when 4562 is divided by u?
14
Suppose 0 = -3*v + 8*v + 40. Let j(p) = -4*p - 26. Let n(z) = -z**3 - 10*z**2 + 11*z + 9. Calculate the remainder when n(-11) is divided by j(v).
3
Let y be 2/10 + 11/(-55). Suppose y = -4*t + v + 50, 4 = -t - 2*v + 21. What is the remainder when 28 is divided by t?
2
Let j(u) = -u**3 - 2*u**2 + 147*u - 11. Calculate the remainder when j(8) is divided by 54.
39
What is the remainder when (27/9 - 6 - 282)*108/(-15) is divided by 13?
11
Suppose 0 = 70*i - 4*i - 6534. Calculate the remainder when i is divided by 56.
43
Suppose -5*c + 201 - 5 = -2*q, c + 18 = -4*q. Let y(a) = -a**2 + 128. What is the remainder when y(0) is divided by c?
26
Let a be (16/(-5))/(10/(-725)). Let s = 253 - a. What is the remainder when 166 is divided by s?
19
Suppose 48*q - 193 = -49. Suppose -q*m - 11*j + 113 = -7*j, 181 = 5*m + 3*j. Calculate the remainder when m is divided by (8/(-6))/((-2)/27).
17
Suppose -2*d - 197 = -5*w - 4*d, 0 = w - 5*d - 34. Suppose -69 = -74*b + 69*b + 3*h, 3*h + 9 = 0. Calculate the remainder when w is divided by b.
3
Calculate the remainder when 1535 is divided by 25/(-50) + 195/6.
31
Let v = 14083 + -14047. What is the remainder when 1538 is divided by v?
26
Suppose 2*f + 25 = 7*f. Suppose f*u = 3*b - 30, 5*b + u - 3*u = 69. Calculate the remainder when 0 - ((-341)/3 + 10/b) is divided by 23.
21
Let q(c) = 3*c**2 + 30*c + 15. Let y be q(-9). Let o(w) = -w**3 - 13*w**2 - 23*w - 5. What is the remainder when o(y) is divided by 32?
31
Calculate the remainder when 2162 is divided by ((-8 - -1)*-61 - -5) + (-60)/20.
17
Let l = -289 - -309. Suppose -11*f = -l*f + 342. Calculate the remainder when f is divided by 8.
6
Let p(n) = n**3 + 113*n**2 + 1019*n - 528. Calculate the remainder when p(-103) is divided by 63.
38
Suppose -4*k + 961 = 6*z - 5661, -5*k + 8267 = -3*z. Calculate the remainder when k is divided by 46.
44
Let o = -337 - 110. Let u = o + 459. Suppose j - 26 = 5. What is the remainder when j is divided by u?
7
Let w(y) = 9*y + 197. Let a(i) = -4*i**2 + 104*i + 25. What is the remainder when w(0) is divided by a(26)?
22
Let s = 4035 - 3953. What is the remainder when s is divided by (-245)/(-7) - (0 + 0)?
12
Let w be -456*((50/(-15))/(-5) + -1). What is the remainder when 15/(-10)*w/(-4) is divided by 29?
28
Calculate the remainder when 36/8*1*4 is divided by (-28)/350 - 3016/(-200).
3
What is the remainder when 1097 is divided by (468/48 - -15 - 3)*(-8)/(-6)?
24
Calculate the remainder when 176 - (3 - 180/(-15)) is divided by 4.
1
Let b(f) = -222*f - 1801. Calculate the remainder when b(-9) is divided by 129.
68
Let o be (-55)/(2*(-2 - (-129)/66)). Let f = -568 + o. What is the remainder when 99 is divided by f?
25
Let l(r) = 74*r + 753. Calculate the remainder when (7 - 1)*32/6 is divided by l(-10).
6
Suppose -5 = -y + 5*u + 7, 0 = -5*y - 5*u + 30. Suppose -119 = -92*w + 85*w. What is the remainder when w is divided by y?
3
Let f be (54 - 10)*(-70)/(-4). What is the remainder when (-18)/(-27) - f/(-15) is divided by 36?
16
Suppose 8 = -4*k, 2*k - 99 = -3*s - 4. Let d = s + -36. What is the remainder when (-1 - 36/d)*7 is divided by 16?
13
Let d = 55 + -51. Let z(a) = -a**2 + 4*a + 1. Let m be z(d). Calculate the remainder when 181 is divided by ((-62)/8*m)/(3/(-24)).
57
Suppose 126*p + 2102 - 7772 = 0. Calculate the remainder when 719 is divided by p.
44
Let a be (-4294)/(-361) + 4/38. Suppose -a*k = -6*k - 750. Calculate the remainder when k is divided by 18.
17
Let g = -488 + 534. Suppose -u + 83 = g. Calculate the remainder when u is divided by 16.
5
Suppose -5*v - 2*p = p - 771, 4*v + 4*p - 620 = 0. Let n(w) = 6*w**2 - 2797*w + 8405. Calculate the remainder when v is divided by n(3).
17
Let n = 1327 - 947. Calculate the remainder when n is divided by 47.
4
Let b(j) = -j**2 - 38*j - 175. Let q be b(-41). Let y = 309 + q. Suppose 4 = 2*d - 58. What is the remainder when d is divided by y?
9
Suppose 0 = -v + 4*u + 32, 2*v - v + u - 12 = 0. Let c be (-49)/7 - 159/(-3). Suppose p + c = 2*p. What is the remainder when p is divided by v?
14
Suppose 4*j + 20 = -5*a, 5*j + 25 = -0*a - 2*a. What is the remainder when 105 is divided by 5 + (-42)/10 + (-21)/j?
0
Let z(v) = -v**3 + 3*v**2 + 11*v + 6. Let p(m) = -m**2. Let j(t) = -6*p(t) + z(t). Let g be j(10). What is the remainder when 44 is divided by 3*g/(-3)*-1?
12
Suppose -10*t + 2*t = -192. Calculate the remainder when (-5 + 2)*(-1912)/t is divided by 22.
19
Suppose 1843*k - 1567*k - 12144 = 0. Let m(i) = 79*i**2 - 2*i - 3. What is the remainder when m(3) is divided by k?
42
Suppose -190616 - 40634 = -185*d. What is the remainder when d is divided by 313?
311
Let w(r) = -r**3 + 16*r**2 - 48*r - 15. Let l be w(12). What is the remainder when (-